is divided by a?
9
Let d = 18 - 11. Let a = d - 5. Suppose 13 = 4*p - 7. Calculate the remainder when p is divided by a.
1
Let f(o) = -2*o**3 - 6*o**2 - 6. Let a be f(-5). Suppose -2*c - 3*l = 35, -a + 9 = 4*c + 3*l. Let h = 0 - c. Calculate the remainder when h is divided by 9.
7
What is the remainder when -2 + 3 + -3 + 21 is divided by 7?
5
Suppose -4*x + 4*p + p = 43, 3*x + 3*p + 12 = 0. Let t(s) = -12 + 16 - 12 - 6*s + 3*s. What is the remainder when t(x) is divided by 8?
5
Let t = 25 - -6. Let v = t + -15. What is the remainder when v is divided by 42/6 + -1*1?
4
Let w = -94 + 133. What is the remainder when 115 is divided by w?
37
Suppose 0*i = -2*i + 6. Suppose -i*u - 1 = -7. Suppose u*d - 33 = 3*s, d = -4*d - 5*s + 70. What is the remainder when 43 is divided by d?
13
Let n = 6 - 4. Suppose -2*t = n*t - 176. Suppose 4*g - 30 = -2*p, 0 = 9*p - 4*p - 4*g - 75. What is the remainder when t is divided by p?
14
Suppose -3*a = -4 - 5. What is the remainder when 5 is divided by a?
2
Suppose -12 - 6 = -2*q. Let y(a) = a**3 - 10*a**2 + 8*a + 9. Let l be y(q). Suppose l = 4*c - 4 - 8. What is the remainder when 8 is divided by c?
2
Calculate the remainder when 159 is divided by 237*1/12 - (-1)/4.
19
Let b(g) = 8*g + 6*g - 15*g + 8. Calculate the remainder when 66 is divided by b(-9).
15
Let w = -16 + 24. Calculate the remainder when 30 is divided by w.
6
Let t = -11 - -13. What is the remainder when 22 is divided by t/11 + (-64)/(-11)?
4
Suppose -2*k = -43 + 13. Let r(t) = 4*t - 7. What is the remainder when k is divided by r(4)?
6
Let r = 7 + 3. Let x be 16/(-72) + 76/18. Suppose -x*q + 78 = 2*k, q - 4*k - 8 - 7 = 0. What is the remainder when q is divided by r?
9
What is the remainder when 1 - 560/(-9) - 34/153 is divided by 11?
8
What is the remainder when ((-134)/(-4) - -1) + (-56)/112 is divided by 12?
10
Let p(n) = n**3 + n**2 + 6*n - 5. Calculate the remainder when p(3) is divided by 17.
15
Let i = 13 + -9. Let u(w) = -6*w + 4 + 2*w + 0*w - 5. Calculate the remainder when u(-3) is divided by i.
3
Suppose 20 = -5*d, -5*d - 96 + 1 = -5*c. Suppose 51 = 5*t + 2*f - 5*f, -3*f + 3 = t. What is the remainder when c is divided by t?
6
Suppose a = 4, -8 = 5*k - a + 6. What is the remainder when -2 - (-220)/4 - k is divided by 14?
13
Let t(n) = -2*n**2 - 19*n - 12. What is the remainder when 67 is divided by t(-8)?
7
Let u(v) = -v**2 - 10*v + 21. What is the remainder when u(-11) is divided by 6?
4
Calculate the remainder when 4/10 + 306/10 is divided by -2 + -2 + (24 - 4).
15
Suppose 3*q = -5*m + 21, -q - q + 5*m + 14 = 0. Suppose z = -0*z. Suppose z = -6*n + n + 20. What is the remainder when q is divided by n?
3
Let z(l) = 13*l**2 - 2. Let g(p) = -p + 7. Let r be g(5). Calculate the remainder when z(r) is divided by 13.
11
Let f(q) = 2*q**2 - 3*q - 7. Let c(v) = -2*v**2 + 5*v + 3 + 3 + v**2 - 2*v. Let l(i) = 4*c(i) + 3*f(i). What is the remainder when l(-4) is divided by 8?
7
Suppose -2*b + 5*t + 35 = 0, -49*t = -3*b - 50*t + 10. Let v = 13 - 6. What is the remainder when v is divided by b?
2
Let o(v) = v**3 + 3*v**2 - 3*v + 1. Let r(u) = -17*u. What is the remainder when r(-1) is divided by o(-3)?
7
Suppose -4*j = -60 - 12. Let q be (-2)/2 + 4/(-2). Let y = q + 13. What is the remainder when j is divided by y?
8
Let k = -6 + 11. Calculate the remainder when k is divided by 4.
1
Suppose o = -0*b + 2*b - 61, 5*o = 3*b - 74. Calculate the remainder when b is divided by 17.
16
Let q = -86 - -139. Let n(m) = 2*m**2. What is the remainder when q is divided by n(-3)?
17
Let h(z) = z**3 - 5*z**2 - 8*z - 10. What is the remainder when h(7) is divided by 11?
10
Let u(h) = h - 7. Let k be u(9). What is the remainder when 12 is divided by ((-6)/18)/(k/(-42))?
5
Suppose 0 = -l - 0*l + 6. Calculate the remainder when l is divided by (-2)/(-1) - 0/(-4).
0
Let h(s) = 3*s + 6. What is the remainder when h(8) is divided by 12?
6
Let q = 3 + 1. Suppose q*c - 177 - 151 = 0. What is the remainder when 1/2 + c/4 is divided by 11?
10
Let j be -5 + (1 + -4 - -3). What is the remainder when 17 - 8 - (j - -1) is divided by 7?
6
Let x(r) = r - 9. Let b be x(11). Suppose -31 = -o + b*m, 7*o - 81 = 4*o + 2*m. Calculate the remainder when 47 is divided by o.
22
Calculate the remainder when (-1419)/22*(-4)/6 is divided by 15.
13
Suppose -8*n = -3*n - 235. Calculate the remainder when n is divided by 17.
13
Suppose 0 = -8*t + 3*t - y - 50, -2*t = -2*y + 20. Let d be 25/t*2*1. What is the remainder when 7 is divided by (-23)/d - (-30)/(-50)?
3
Let a(t) = -t**3 + 9*t**2 + 13*t + 19. Suppose -o = -0*z + 4*z - 17, -z = -o + 12. What is the remainder when a(10) is divided by o?
10
What is the remainder when ((-78)/15)/(5/(-50)) is divided by 18?
16
Suppose 3*v - f + 8 = 0, 0 = v + 3*f - 5*f + 11. Let q be (v + -13)/(1 - 0). Let n = 4 - q. What is the remainder when n is divided by 10?
8
Suppose r - 45 = -4*r. What is the remainder when 16 is divided by r?
7
Suppose 20*p = 23*p - 93. Let z(n) = 10*n + 1. Calculate the remainder when p is divided by z(1).
9
Let g(q) be the second derivative of -q**5/20 - 7*q**4/12 - 4*q**3/3 - 2*q. What is the remainder when 6/10 - 321/(-15) is divided by g(-6)?
10
Suppose -241 - 245 = -6*s. What is the remainder when s is divided by 21?
18
Suppose 4*y - 3 - 1 = 0. What is the remainder when 1 is divided by y?
0
Suppose 2*t + 2*t = 148. Let g(s) = s**2 - 4*s + 1. Suppose -2*y + 7*y + 4*d - 34 = 0, -2*y + 17 = 5*d. Calculate the remainder when t is divided by g(y).
11
Suppose -3*u = -2*i + 56, 6*i - 5*u = i + 145. What is the remainder when 44 is divided by i?
13
Let k(i) = -i**3 + 5*i**2 + 8*i + 5. Let z be k(6). Let t = z + 2. What is the remainder when 75 is divided by t?
18
Let y(a) = 4*a + 3. Let c be (24/(-15))/((-1)/60). Let b = c - 60. What is the remainder when b is divided by y(4)?
17
What is the remainder when (100/6)/(6/9) is divided by (-4 + (0 - -6))*7?
11
Let q(o) be the first derivative of 14*o**3/3 - o**2/2 + o - 3. Calculate the remainder when q(1) is divided by 5.
4
Let k be 0 - (-4)/(-2) - -1. Let h(a) = -15*a - 4. Let u(q) = 10*q + 3. Let x(z) = 5*h(z) + 7*u(z). Calculate the remainder when x(k) is divided by 4.
2
Let w = 3 - -1. Suppose -2*s + 0*s + w = 0. Let i(z) = z**3 - 10*z**2 - 11*z + 2. Calculate the remainder when s is divided by i(11).
0
Suppose 4*y - 116 = 4*t, y + 21 = 2*t + 79. Calculate the remainder when 86 is divided by 0/2 - t/1.
28
Let c = -42 + 64. Calculate the remainder when c is divided by 10.
2
Suppose 3*q + 0 = 30. Calculate the remainder when 14 is divided by q.
4
Calculate the remainder when 41 is divided by (-66)/(-4)*(-4)/(-6).
8
Let o(f) = 2*f**2 - 2*f + 1. Let s be o(1). Let i be -2 + (116 + -2)*s. Suppose -i = -5*t - 42. What is the remainder when t is divided by 4?
2
What is the remainder when 47 is divided by (-38)/(-3) + 4/(-6)?
11
Let r be -1*(-2 + (-2 - 32)). Suppose -r = -2*h - 5*f, 0*h = -4*h - f + 72. Let v = 40 - -13. Calculate the remainder when v is divided by h.
17
Let m = -11 - -15. Calculate the remainder when 7/(28/36) + 12/(-3) is divided by m.
1
Let p(o) = 2*o**3 - 6*o**2 + 9*o - 12. What is the remainder when p(4) is divided by 19?
18
Suppose 0 = 5*r - 11*r. Suppose -m + 80 = 4*u, 3*u + 5*m + 0*m - 60 = r. Calculate the remainder when 59 is divided by u.
19
Let i = -7 - -11. Suppose 0 = -2*d + i, x - 24 = -4*d. Calculate the remainder when 46 is divided by x.
14
What is the remainder when (-39 + 9)/(2/(-2)) is divided by 16?
14
Suppose i = -5*k + 3*i - 13, 0 = -k - 2*i + 7. Let b(a) = -26*a + 1. What is the remainder when 51 is divided by b(k)?
24
Suppose 6 = -l - a - 3, -a = -l - 7. Let w = -5 - l. What is the remainder when 7 is divided by w?
1
Suppose 15 = -3*k, 24 = o + 4*k - 2*k. Let h = 11 + o. What is the remainder when h is divided by 8/8 - (-44)/2?
22
Suppose 0 = -5*c + 20, 2*c + 15 = a - 0*a. What is the remainder when 42 is divided by a?
19
Suppose -2*c = -6*c + 12. Suppose r = c + 6. Suppose 5*u - u = -5*b + 122, 5*u + 88 = 3*b. Calculate the remainder when b is divided by r.
8
Suppose q = -4*u + 13, -2*q + 6*q - 16 = -4*u. Calculate the remainder when q is divided by 1.
0
Let q(z) be the second derivative of z**5/20 + 5*z**4/12 - z**3/2 - 3*z**2 + z. Suppose -3*b 